5243850911 a prime number?
True
Is 7462780289 a composite number?
False
Is 258614519 prime?
True
Is 43912942 prime?
False
Is 36873656362 a prime number?
False
Is 11312218469 prime?
True
Is 22292464889 composite?
True
Is 125442553 a prime number?
True
Is 286943498711 prime?
True
Is 391062493 composite?
True
Is 4894326389 prime?
False
Is 1334333867 composite?
True
Is 203484613 a prime number?
True
Is 26068168195 composite?
True
Is 8585739709 composite?
False
Is 81301712241 a prime number?
False
Is 71314010431 a prime number?
True
Is 1596148423 prime?
True
Is 13034035979 a composite number?
False
Is 4198463551 prime?
True
Is 9888546035 a prime number?
False
Is 1046491751 composite?
False
Is 332272811 a composite number?
True
Is 2106933821 composite?
False
Is 334423433 a prime number?
False
Is 701914889 composite?
True
Is 4983543001 composite?
False
Is 973642855 a composite number?
True
Is 5468913383 composite?
True
Is 4726946531 a composite number?
True
Is 21896909 prime?
False
Is 58776508649 a prime number?
False
Is 7510586441 prime?
False
Is 11474727153 a composite number?
True
Is 18754981547 a composite number?
False
Is 555969119 a prime number?
True
Is 2032669817 composite?
True
Is 57432969151 composite?
True
Is 100769887 prime?
True
Is 5254873061 a composite number?
True
Is 202549327 a prime number?
True
Is 6321339669 a prime number?
False
Is 1252025477 a composite number?
False
Is 11428608203 a prime number?
True
Is 14891859097 prime?
False
Is 7234561097 a composite number?
False
Is 622748531 a prime number?
True
Is 2829163 prime?
False
Is 2363210119 composite?
False
Is 159335818241 composite?
True
Is 267791005 a prime number?
False
Is 13229547763 a prime number?
True
Is 23779069 prime?
True
Is 50307622163 composite?
True
Is 11191541111 prime?
True
Is 2780253163 composite?
False
Is 11180735543 a prime number?
False
Is 7297860397 a prime number?
True
Is 1602343621 a composite number?
False
Is 111249022463 a composite number?
False
Is 4678347803 a composite number?
True
Is 52473709373 a composite number?
False
Is 9352381333 a composite number?
False
Is 18268550753 prime?
True
Is 14812772089 prime?
True
Is 1372023767 a prime number?
True
Is 539465357 a prime number?
True
Is 5617680671 a prime number?
True
Is 9674519627 prime?
False
Is 3411078007 composite?
False
Is 201207809707 prime?
False
Is 18724967941 prime?
False
Is 4352316469 composite?
True
Is 1705641683 prime?
True
Is 4623750251 prime?
False
Is 12748289 a prime number?
True
Is 148322597 a composite number?
True
Is 33895424351 a prime number?
True
Is 2251042931 prime?
True
Is 855766721 composite?
True
Is 1567361891 a prime number?
False
Is 19408023361 a prime number?
False
Is 8667579673 a prime number?
True
Is 86914007 a composite number?
True
Is 227163991 a prime number?
True
Is 135278970079 a composite number?
True
Is 27028654151 a prime number?
False
Is 8399782843 prime?
False
Is 155234663 composite?
False
Is 7484469319 a prime number?
False
Is 502765637 a composite number?
True
Is 1082644874 a composite number?
True
Is 40597006579 a composite number?
True
Is 1960816007 composite?
True
Is 21910151027 a prime number?
True
Is 43510802657 composite?
True
Is 15472241071 prime?
False
Is 14567583377 a prime number?
False
Is 119770631 a prime number?
True
Is 387019547 prime?
True
Is 863964319 a composite number?
True
Is 493045901 a prime number?
False
Is 66886086229 composite?
False
Is 1768306259 a prime number?
True
Is 3925443359 a prime number?
True
Is 7128637753 a prime number?
False
Is 1790590621 prime?
False
Is 5331190811 composite?
False
Is 2172082589 a prime number?
True
Is 38821542937 prime?
True
Is 6201269 composite?
True
Is 335333177659 prime?
True
Is 1294319077 composite?
True
Is 13882349279 prime?
True
Is 6026087833 composite?
True
Is 291638777 composite?
False
Is 5369939843 a composite number?
True
Is 136906271 a prime number?
False
Is 3988790119 a composite number?
True
Is 11239535207 prime?
True
Is 330163575211 a prime number?
True
Is 3567723827 composite?
False
Is 117613939589 a composite number?
False
Is 5893001138 prime?
False
Is 3748939 a composite number?
False
Is 113708626123 prime?
True
Is 3134963393 a prime number?
True
Is 4445517917 prime?
True
Is 3681102431 prime?
False
Is 1594684699 composite?
True
Is 61329021797 prime?
False
Is 25798036493 composite?
True
Is 30729677027 a composite number?
True
Is 13890326811 composite?
True
Is 48016907 prime?
True
Is 954103159 prime?
False
Is 302212693 a composite number?
False
Is 391154741 prime?
True
Is 76622264671 a prime number?
False
Is 35241461 composite?
False
Is 2125174123 a composite number?
False
Is 37017517879 a prime number?
True
Is 47400121943 composite?
False
Is 1630525343 composite?
True
Is 3438810299 a prime number?
True
Is 1335490529 a composite number?
True
Is 5475330353 composite?
True
Is 8942076233 prime?
False
Is 122572708351 prime?
False
Is 112320919 composite?
False
Is 2385530233 a composite number?
True
Is 38258620889 a prime number?
True
Is 7837111687 a composite number?
False
Is 28216390793 prime?
True
Is 6923801717 prime?
False
Is 13972684631 prime?
True
Is 3148846058 composite?
True
Is 11862783061 a prime number?
True
Is 1826804401 a composite number?
False
Is 92916379 prime?
True
Is 9795771749 prime?
True
Is 32901684029 composite?
True
Is 427235383 composite?
True
Is 468160447 a composite number?
False
Is 25156120369 a composite number?
False
Is 36838616109 composite?
True
Is 41675718053 a prime number?
True
Is 2032735927 a prime number?
False
Is 3134062649 a prime number?
True
Is 1002302927 a composite number?
False
Is 34072646 composite?
True
Is 2544659069 a prime number?
False
Is 11233782229 prime?
False
Is 27950193419 prime?
True
Is 3097495909 a prime number?
True
Is 486587813 a prime number?
True
Is 1899923419 prime?
True
Is 639237743 a composite number?
True
Is 189392341 prime?
False
Is 2921724901 composite?
True
Is 24493433 composite?
False
Is 12327919961 a prime number?
False
Is 105661291 prime?
False
Is 16372880861 prime?
False
Is 52176222701 a composite number?
False
Is 752910629 a prime number?
True
Is 20078213777 composite?
False
Is 1043994001 composite?
False
Is 4157989033 composite?
True
Is 1150008815 a prime number?
False
Is 952604418569 a prime number?
True
Is 2387429521 a composite number?
True
Is 290424434719 a prime number?
True
Is 2573497063 a composite number?
True
Is 330120551 prime?
True
Is 19804908707 prime?
False
Is 180031771 composite?
True
Is 2352062411 a prime number?
False
Is 5760544957 composite?
False
Is 35652129841 a composite number?
False
Is 2845743151 a prime number?
False
Is 187706667 a prime number?
False
Is 15599329 prime?
True
Is 410885341 a composite number?
True
Is 9522602689 a composite number?
False
Is 2058029777 prime?
True
Is 98755633835 a prime number?
False
Is 329964053207 a composite number?
False
Is 99107043731 prime?
True
Is 306141697 a composite number?
False
Is 2343404149 prime?
True
Is 981884509 prime?
False
Is 298949773 a composite number?
False
Is 514116943 composite?
True
Is 14082689 composite?
False
Is 1674853643 composite?
True
Is 278677031 a composite number?
False
Is 297937 a prime number?
False
Is 62796043091 a composite number?
True
Is 5807275099 prime?
True
Is 4669331131 a composite number?
True
Is 687378001 a prime number?
False
Is 13754565129 prime?
False
Is 21185735887 a prime number?
False
Is 2612586107 a prime number?
True
Is 5576888579 prime?
True
Is 1029590851 a composite number?
True
Is 1956055369 a prime number?
False
Is 1273308119 a prime number?
True
Is 210581339 a composite number?
False
Is 5432591191 a composite number?
True
Is 7583597341 a prime number?
False
Is 14977453547 prime?
False
Is 14904383723 a prime number?
True
Is 378129779 composite?
False
Is 19493051 a prime number?
False
Is 2823635677 a composite number?
True
Is 3306740929 composite?
False
Is 29359974521 composite?
True
Is 511420061 prime?
False
Is 4072104061 prime?
False
Is 93093544283 prime?
False
Is 1504368091 a prime number?
False
Is 16026177239 composite?
False
Is 3331975897 prime?
True
Is 540496061 composite?
True
Is 4887122393 prime?
False
Is 915665071 prime?
False
Is 8562282637 composite?
True
Is 1593203147 prime?
True
Is 11928776149 a composite num